 Let o be n(-6). Let m(k) be the third derivative of k**2 + 1/30*k**5 + 1/120*k**6 + 0*k + 0*k**3 + 0 - 1/12*k**4. What is m(o)?
-3
Let c(m) = m**2 - 6*m - 7. Let h(a) = -9*a - 4. Let o be h(-1). Give c(o).
-12
Suppose 3*i = -5 + 2. Let u = 4 + i. Let p(w) = w + 1. Give p(u).
4
Let d(h) = 1. Let a(q) = -2*q - 14. Let z(x) = a(x) + 12*d(x). Suppose 4*p - p = 21. Let t = p - 5. Give z(t).
-6
Suppose -2*f + 4 = 0, 8*c - 3*c = 3*f + 14. Let p be (-30)/(-9) + (-1)/3. Let g(a) = -a - p*a + 3 + 2*a. What is g(c)?
-5
Let k(s) = -s + 7. Let t be k(5). Let u be t/(-10) + 2/10. Let b(w) = -w. What is b(u)?
0
Let a(g) be the first derivative of g**5/120 - g**4/12 - 2*g**3/3 + 2. Let u(b) be the third derivative of a(b). What is u(-2)?
-4
Let z(s) = -s**3 - 6*s**2 - 7*s - 4. Let m be -1 + -1 + 2 + -1. Let w be (-1)/(m/(2 - 7)). Determine z(w).
6
Suppose 2*q = -a - 9 - 4, 0 = -4*a - 5*q - 43. Let z(g) = g**3 + 6*g**2 - 8*g - 2. Determine z(a).
5
Suppose 0 = p - 5*h + 12 - 0, p = -2*h + 23. Suppose q - 2*q + p = -3*n, 3*n - 5*q + 29 = 0. Let v(g) = -g**2 + 3*g + 3. What is v(n)?
-15
Let w(l) = 0*l + l - 2*l**2 - 7*l**2. Calculate w(-1).
-10
Let v = 9 - 20. Let h = -5 - v. Let b(c) = -c**3 + 7*c**2 - 6*c + 3. What is b(h)?
3
Suppose 4*q - 8 = 3*s + 24, -5*s = 4*q. Let x(n) = n**3 - 6*n**2 + 5*n + 7. Calculate x(q).
7
Let d(a) = -13*a**3 - 28*a**2 + 37*a - 53. Let j(q) = 3*q**3 + 7*q**2 - 9*q + 13. Let n(i) = -2*d(i) - 9*j(i). Determine n(-8).
-3
Let z(r) = -2*r - 19 + r**2 + 33 - 16. What is z(-2)?
6
Let a(m) be the first derivative of -m**3/3 + 7*m**2/2 - 4*m + 3. Give a(7).
-4
Let x(m) be the third derivative of -m**4/6 + m**3/3 - 13*m**2. Let f = 2 - 0. What is x(f)?
-6
Let d(l) = 3*l + 3. Let y(a) = -14*a - 12. Let p(o) = o. Let r(h) = p(h) + y(h). Let c(s) = -9*d(s) - 2*r(s). What is c(-3)?
0
Let c(j) = -j**3 - 2*j + 3. Let o(y) = y**2 - y + 4. Let v be o(5). Let u be 60/v*(-4)/(-5). What is c(u)?
-9
Let q(b) = -b**3 + 6*b**2 - 6*b + 4. Let k be (-26)/(-12) - 7/42. Suppose -4 = k*y, -s + y = -4*y - 15. Give q(s).
-1
Let u(q) = 2*q**2 - 2. Let w = 81 + -83. Calculate u(w).
6
Suppose -2*q + 5*i + 2 = 0, 2*q + 5*i - 5 = -3*q. Let m be q - (0/(-3) - 2). Let s = 4 - m. Let b(n) = -10*n**3. Calculate b(s).
-10
Let r(c) = 2*c - 1. Let d(t) = -t - 1. Let p(o) = -3*d(o) - r(o). Calculate p(-6).
-2
Let k(f) = f**2 + 12*f + 26. Let v be k(-4). Let b(i) be the third derivative of i**4/24 - i**2. Calculate b(v).
-6
Suppose u - 2*u = 0. Suppose 0*g + 2*g - 4 = u. Let y(a) = 2*a**2 + 2*a + 3 - a**3 + a**2 - 5*a. Calculate y(g).
1
Suppose 0 = 101*c - 84*c + 119. Let v(t) = 4*t**3 - 2*t**2 - 7*t - 11. Let i(r) = -r**3 - r**2 + r + 1. Let p(z) = 5*i(z) + v(z). What is p(c)?
8
Let j(c) = 2*c**2 - 4*c + 5. Suppose 23 + 25 = 4*u. Let g be 27/u*(-4 + 0). Let y(l) = 3*l**2 - 9*l + 11. Let p(a) = g*j(a) + 4*y(a). Calculate p(-1).
-7
Let c(w) = 5*w + 3*w + 1 + 7*w. What is c(1)?
16
Let n(p) = p**2 - p + 11. Let r(c) = c**2 + 10. Let v(l) = -5*n(l) + 6*r(l). Give v(-2).
-1
Let w(l) = 8*l**2 + 5*l + 6. Let y(f) = -7*f**2 - 4*f - 5. Let d(g) = -4*w(g) - 5*y(g). Let z be 2/6 + (-28)/(-42). Determine d(z).
4
Let c(d) = 7*d - 1. Let i be 0 + (-2 - -1)/(-1). Let f = i - 2. Determine c(f).
-8
Let i be 0/(1*-2) - 1. Let c = -38 - -32. Let d = i - c. Let j(h) = h - 2. Determine j(d).
3
Let q(o) = 2*o + 10. Let j be (25/(-15) + -1)*(-6)/(-2). Determine q(j).
-6
Suppose 5*k = s - 10, 5*s - 3*k = 8 - 2. Suppose s = 2*u + u + 3. Let p(r) = -4*r. Let m(n) = -15*n. Let b(z) = -6*m(z) + 22*p(z). Determine b(u).
-2
Let l be 1/(2 - (-6)/(-4)). Let d = 13 + -5. Let p(f) = f - 3 + l - d. Give p(4).
-5
Let z(t) be the second derivative of -t**4/12 - t**3 - t**2 + 2*t. Suppose 4*v = w - 21, 9 = w - 5*v - 11. Suppose -5*p = -0*p + w. What is z(p)?
3
Let m = 7 - 4. Let z = 1 + m. Let h(i) = 3*i + 8 + 0 - 2 - 5*i. What is h(z)?
-2
Let t(a) = -a**3 - 8*a**2 + a + 10. Let i be t(-8). Let k(j) = 3*j**2 + j - 2. Calculate k(i).
12
Let m(t) = 4*t - 8. Let i(y) = -7*y + 15. Let z(r) = -3*i(r) - 5*m(r). Calculate z(5).
0
Let n(t) = t**3 - t**2 + t + 6. Let i(h) = -h**3 + 3*h**2 + 5*h + 3. Let f be i(4). Suppose 0 = -8*y + f*y. Determine n(y).
6
Let c = 31 + -25. Let y(t) = -t**2 + 2*t + 7. What is y(c)?
-17
Suppose 4 = 35*p - 39*p. Let n(f) = -3*f**3 - 11*f**3 - 4*f + 5*f. Calculate n(p).
13
Let q(l) be the third derivative of l**4/24 - 2*l**2. Suppose -4*f - 4 = -24. Suppose 0*w - 5*s + 15 = w, f*s - 5 = w. Calculate q(w).
5
Let y be (12/9)/(-4)*3. Let u(g) = 8*g**2 + g + 1. Calculate u(y).
8
Suppose 12 = 2*a - 0*a. Let h(d) be the third derivative of d**4/24 - d**3/6 - 15*d**2. What is h(a)?
5
Let f(m) = 21*m + 3. Let j(u) = -31*u - 4. Let w(k) = -7*f(k) - 5*j(k). Let s(x) = -x + 2. Let a be s(3). Calculate w(a).
-9
Let y(d) = 2*d + 4. Let t = -55 + 57. What is y(t)?
8
Let n(g) be the first derivative of -g**2/2 - 4*g + 34. What is n(-6)?
2
Suppose -17 = -5*r - 7. Let s(m) = -4*m**3 - m**2 - m. Let o(t) = t**3 + t - 1. Let i(a) = 3*o(a) + s(a). Give i(r).
-11
Let z(j) = 2*j + 16. Let n = -122 - -111. Give z(n).
-6
Suppose 0 = -k - n - 2 + 3, -5*k - n + 1 = 0. Let y(d) = -d**3 + d**2 - d - 1. Give y(k).
-1
Let x be -1 - (0 - -3 - 2). Let a be 1 - 1 - (-2 + 0). Let s(k) = -3*k + 5*k + a - 4*k - 3 + k**3 - k**2. Determine s(x).
-9
Let w(y) = 2*y - 2*y + 6*y - 5 - y**2. Let b be -12 + (-6)/3*-1. Let g = -5 - b. Determine w(g).
0
Suppose d = -3*d + 12, -5*d + 23 = 4*y. Let k(c) = -2*c + 3*c**2 + 6 - 3*c**2 - c**y - c. Determine k(-5).
-4
Let x(u) = 2*u**2 - 19*u + 5. Let d(a) = 3*a**2 - 28*a + 7. Let z(p) = 5*d(p) - 7*x(p). Calculate z(6).
-6
Let y(k) = -k**2 + 7*k - 9. Let o(f) = 3*f - 14. Let x be o(6). Let u be y(x). Let t(a) = -a**2 + 2*a - 4. Determine t(u).
-7
Let l be 252/66 + 4/22. Suppose -c = l*c. Let m(i) = i + 9. What is m(c)?
9
Let d(j) = -j**2 - 6*j - 5. Let u be d(-4). Suppose 2*c = 6*c - 12. Let k(z) = 3*z**3 + 4*z**2 + z**c - 5*z**3 - 2*z. What is k(u)?
3
Let m(q) = 2*q**3 - 3*q**2 + q - 1. Let b = -75 + 77. Calculate m(b).
5
Let t(d) = -d + 16. Let g(w) = -3*w + 47. Let f(c) = 6*g(c) - 17*t(c). What is f(7)?
3
Let y(p) = p**3 - 3*p**2 - 4*p. Suppose -24*s - 20 = -29*s. Calculate y(s).
0
Let z(p) = -3*p + p + 4*p**3 - 4*p**2 - 3*p**3 + 2. What is z(4)?
-6
Suppose -a - 5 = -0*a. Let p(i) = i**3 + 4*i**2 - 7*i - 1. Determine p(a).
9
Let i(w) = 2*w - 13. Let u be i(9). Let s(g) = -g**2 - g - 1. Let a(f) = 5*f**2 + f**2 + 6 + f**2. Let j(d) = a(d) + 6*s(d). What is j(u)?
-5
Let m(d) = -5*d + d + 6*d. Let o(z) = -z**2 + 2*z - 3. Let k be o(2). What is m(k)?
-6
Let r(m) = -m + 5*m**2 + m**3 - 5*m**2 - 6. Let f(q) = q**3 - 2*q**2 - 4*q + 3. Let h be f(3). Suppose j + j = -5*k + 25, h = j + k - 5. Give r(j).
-6
Let w(b) = 16*b**2 - b - 10. Let h(s) = -3*s**2 + 2. Let y(c) = 11*h(c) + 2*w(c). Determine y(-2).
2
Let t be (1 - 1) + 8 - 3. Let u(o) = t - 2 + o + 2*o - 4*o. Suppose -4*c + 6 + 6 = -3*k, k = -4. What is u(c)?
3
Let d be ((-21)/14)/((-6)/8). Let s be 1 + d*(-20)/(-8). Let h(b) = b - 7. What is h(s)?
-1
Let d(c) be the third derivative of 7*c**3/6 - c**2. Let z(o) = -20*o + 2 + 6 + 0 + 21*o. Let q(m) = 3*d(m) - 2*z(m). Give q(5).
-5
Let v(y) = -2*y + 2*y**2 + 167 + 0*y**2 + y - 169. Give v(-3).
19
Let j be 1 + ((-16)/(-4))/4. Let n(i) = 0 - 3 + j - 3*i + i - 2*i**2. Suppose -k = -2*k + 4, -3*l - 5*k + 17 = 0. What is n(l)?
-1
Let b(x) be the third derivative of -x**6/15 + x**5/30 + x**4/12 + x**3/6 + x**2 + 6. Suppose 3*z + 3 = 0, 5*o - 3*z - 1 + 3 = 0. What is b(o)?
9
Let u(r) = -4*r**2 - r. Let g(n) = 7*n**2 + 2*n + 1. Let a = -8 - -6. Let d be g(a). Suppose 3*m + 0*m - 4*y - 17 = 0, 5*m + 4*y + d = 0. Give u(m).
-3
Suppose 0*w - 5*p = -3*w + 16, -4*w + 18 = -5*p. Let q(k) = -w*k**2 + 34*k**3 + 5*k - 2 + k - 33*k**3 - 2*k. What is q(2)?
6
Let c(y) be the third derivative of y**4/24 - y**3 - y**2. Suppose 3 = 3*l - 9, 3*g = l - 4. What is c(g)?
-6
Suppose y - g - 3 = 0, 2*y - y + 2*g = -12. Let c(a) = 4*a - a**2 + 5*a**2 - a**2 + 3. What is c(y)?
7
Let o(d) = -17*d**2 - 43*d + 6. Let w(z) = -8*z**2 - 21*z + 3. Let i(u) = -6*o(u) + 13*w(u). Let m be i(-8). Let s(q) = -q**2 - 5*q + 2. Calculate s(m).
2
Let c = 9 + -5. Let r(p) = -3*p + 2*p + 2*p + 2*p. Give r(c).
12
Let o(n) = -5*n**2 + 10*n -